11) in base 10?
372
2111010 (base 3) to base 2
11100010100
-2f0b (base 16) to base 13
-5635
Convert -2416 (base 10) to base 15.
-ab1
Convert -1120102 (base 3) to base 15.
-515
What is -12305 (base 6) in base 15?
-82b
14741 (base 10) to base 9
22188
4eb (base 16) to base 2
10011101011
2522 (base 8) to base 13
80a
Convert -1300013 (base 4) to base 3.
-100211202
Convert -10212 (base 3) to base 9.
-125
310310 (base 4) to base 3
11122012
-724 (base 9) to base 16
-24d
24166 (base 9) to base 8
37463
Convert 2521 (base 8) to base 10.
1361
-26812 (base 11) to base 9
-57418
What is -390f (base 16) in base 2?
-11100100001111
1068 (base 11) to base 13
841
What is 1940 (base 12) in base 7?
11646
Convert -5b2 (base 14) to base 10.
-1136
What is 3021 (base 4) in base 10?
201
-168 (base 11) to base 10
-195
-1b2b (base 12) to base 4
-310103
1613 (base 14) to base 15
1277
What is 8b03 (base 13) in base 8?
45756
Convert 1963 (base 10) to base 6.
13031
Convert 1002 (base 4) to base 12.
56
What is 214054 (base 6) in base 11?
12373
What is 1047 (base 15) in base 6?
23534
bd68 (base 14) to base 10
32824
What is -8998 (base 11) in base 14?
-4460
What is -2440 (base 13) in base 10?
-5122
Convert -122001 (base 4) to base 15.
-760
-15b88 (base 12) to base 10
-31064
210200120 (base 3) to base 11
10973
What is 86d (base 14) in base 9?
2250
Convert -bf (base 16) to base 2.
-10111111
What is 200011211 (base 3) in base 15?
3dd7
Convert 14032 (base 8) to base 12.
36a2
-362 (base 10) to base 5
-2422
Convert 310044 (base 5) to base 3.
111202021
What is 3608 (base 11) in base 6?
33515
What is 964 (base 10) in base 7?
2545
13322 (base 8) to base 5
141332
Convert -76aa (base 13) to base 16.
-4095
Convert 5524 (base 10) to base 16.
1594
17426 (base 12) to base 10
33438
-6041 (base 11) to base 13
-386a
Convert 2013330 (base 4) to base 13.
3c63
What is 27606 (base 9) in base 12?
a9b9
What is 8937 (base 10) in base 4?
2023221
Convert -426 (base 10) to base 15.
-1d6
What is -5562 (base 9) in base 4?
-1000022
3741 (base 11) to base 9
6627
What is -f768 (base 16) in base 10?
-63336
What is -119e (base 16) in base 8?
-10636
Convert -420314 (base 5) to base 6.
-144014
What is 22202021 (base 3) in base 11?
487a
5947 (base 12) to base 16
2707
5422 (base 8) to base 2
101100010010
What is 527 (base 12) in base 10?
751
18486 (base 9) to base 4
3013323
What is -21063 (base 8) in base 3?
-110000021
What is -13104 (base 6) in base 8?
-3700
-1122321 (base 4) to base 5
-141232
What is -1830 (base 15) in base 4?
-1101210
-3163 (base 7) to base 8
-2143
410 (base 11) to base 8
757
-227 (base 12) to base 3
-102211
Convert 1a0b (base 12) to base 9.
4322
123 (base 4) to base 15
1c
Convert -b21b (base 15) to base 6.
-450025
1858 (base 11) to base 7
6613
1010000000001100 (base 2) to base 6
513404
212040 (base 5) to base 11
5406
What is 1053222 (base 6) in base 9?
81805
Convert 2e9d (base 15) to base 2.
10011101000000
What is 7049 (base 11) in base 3?
110212001
What is -41323 (base 10) in base 16?
-a16b
-5571 (base 9) to base 13
-1b46
44346 (base 7) to base 11
8423
Convert -560 (base 9) to base 16.
-1cb
2200 (base 5) to base 14
176
ca5 (base 13) to base 9
2863
What is -266 (base 11) in base 10?
-314
What is 1160 (base 12) in base 10?
1944
1101 (base 7) to base 10
393
What is 1110010100100100 (base 2) in base 11?
40088
Convert 11235 (base 8) to base 2.
1001010011101
-454 (base 9) to base 10
-373
What is -413 (base 5) in base 10?
-108
What is -57709 (base 10) in base 16?
-e16d
Convert 72b3 (base 13) to base 6.
201235
-13202 (base 6) to base 16
-7e2
Convert -216163 (base 7) to base 4.
-21110113
What is -653 (base 8) in base 7?
-1150
-47501 (base 9) to base 11
-21947
-122001 (base 3) to base 15
-20a
-1303 (base 7) to base 10
-493
Convert 412324 (base 5) to base 2.
11010010011000
What is 14408 (base 12) in base 8?
67110
What is -20a76 (base 11) in base 12?
-1583b
Convert 39 (base 11) to base 6.
110
What is 1c1 (base 13) in base 12?
232
-14454 (base 6) to base 9
-3177
1493 (base 11) to base 12
1139
Convert -20552 (base 6) to base 5.
-42204
Convert 4041 (base 11) to base 12.
3135
204400 (base 8) to base 11
46a73
What is -11231 (base 7) in base 9?
-3832
205250 (base 6) to base 10
16734
7c2 (base 15) to base 9
2362
-240 (base 12) to base 9
-413
What is 11556 (base 7) in base 13?
14c1
Convert 5900 (base 10) to base 15.
1b35
Convert -141 (base 15) to base 5.
-2121
Convert 353 (base 16) to base 6.
3535
Convert 213c (base 16) to base 9.
12603
What is 10320130 (base 4) in base 13?
9142
What is 94 (base 16) in base 13?
b5
What is -100143 (base 8) in base 12?
-1702b
What is 4764 (base 14) in base 4?
3002110
Convert 34225 (base 7) to base 14.
324c
What is -457 (base 10) in base 3?
-121221
Convert -3044 (base 13) to base 8.
-14767
Convert -220 (base 15) to base 10.
-480
Convert -3552 (base 9) to base 14.
-d67
Convert c58 (base 16) to base 14.
121a
d979 (base 15) to base 14
12aaa
What is 280 (base 15) in base 13?
34b
1010011111000111 (base 2) to base 4
22133013
122 (base 12) to base 7
332
Convert d2 (base 14) to base 16.
b8
-3a9 (base 11) to base 8
-742
Convert -13532 (base 8) to base 3.
-22012102
Convert -1a1 (base 13) to base 3.
-102010
Convert -4312 (base 5) to base 4.
-21012
What is 5614 (base 14) in base 11?
10229
What is -35162 (base 8) in base 6?
-153134
Convert c06d (base 14) to base 11.
228a3
What is -3e02 (base 16) in base 5?
-1001444
What is 2aa (base 12) in base 5?
3133
Convert -233111 (base 7) to base 9.
-63428
What is -12000100 (base 3) in base 4?
-321012
What is 322410 (base 5) in base 7?
44004
-220140 (base 5) to base 14
-2a6d
Convert 133430 (base 5) to base 13.
2664
Convert 10010111010000 (base 2) to base 13.
4538
-44540 (base 6) to base 9
-8516
-1567 (base 14) to base 8
-7347
What is 120011201 (base 3) in base 15?
3427
-6302 (base 7) to base 5
-32312
-1959 (base 11) to base 2
-100110110100
2043 (base 6) to base 9
560
Convert 100011221 (base 3) to base 8.
15046
-1111 (base 4) to base 6
-221
What is 394 (base 12) in base 16?
220
What is 126a (base 12) in base 13?
c55
What is -797 (base 14) in base 2?
-10111100001
What is -193d5 (base 14) in base 13?
-23105
-11000 (base 5) to base 7
-2121
-2a (base 13) to base 6
-100
What is 21575 (base 8) in base 6?
110021
-343 (base 11) to base 10
-410
Convert -3728 (base 12) to base 16.
-1850
Convert 2a14 (base 15) to base 12.
5277
Convert -2e8 (base 15) to base 6.
-3032
Convert -114023 (base 6) to base 2.
-10011011011111
Convert 1862 (base 9) to base 7.
4115
What is -1d3 (base 16) in base 12?
-32b
3130 (base 9) to base 10
2295
422a (base 12) to base 10
7234
1204 (base 7) to base 10
445
Convert 96 (base 10) to base 2.
1100000
311131 (base 4) to base 7
12655
What is 7d3 (base 14) in base 11?
1196
10001111111110 (base 2) to base 6
110354
59c (base 14) to base 13
680
-7401 (base 8) to base 15
-1211
Convert 114323 (base 6) to base 8.
23513
Convert -22103 (base 6) to base 8.
-5767
Convert -101211 (base 3) to base 16.
-124
-258 (base 13) to base 3
-120020
Convert -356 (base 12) to base 5.
-3443
What is 740a (base 11) in base 16?
2653
Convert 3491 (base 10) to base 16.
da3
What is 19a6 (base 14) in base 3?
20101101
What is -4586 (base 10) in base 9?
-6255
What is -20847 (base 13) in base 8?
-162245
Convert 112102000 (base 3) to base 14.
3b83
What is -11311 (base 8) in base 16?
-12c9
What is -12101310 (base 4) in base 15?
-7946
ab87 (base 12) to base 4
10220113
5460 (base 8) to base 3
10221002
Convert 108 (base 9) to base 16.
59
What is 1031 (base 7) in base 4?
11231
-1668 (base 9) to base 14
-673
What is 6284 (base 13) in base 15?
4088
Convert 10882 (base 11) to base 5.
1000244
Convert 92 (base 16) to base 10.
146
What is -1001110001 (base 2) in base 6?
-2521
Convert -642 (base 13) to base 10.
-1068
Convert 15a9 (base 12) to base 2.
101000010001
Convert -101110110 (base 2) to base 5.
-2444
-27071 (base 12) to base 16
-d195
What is 120125 (base 7) in base 9?
32655
What is 3abb (base 13) in base 8?
20363
Convert -727 (base 10) to base 16.
-2d7
Convert 1440 (base 5) to base 14.
137
Convert 1477 (base 8) to base 2.
1100111111
What is -801 (base 9) in base 3?
-220001
Convert -15057 (base 8) to base 11.
-5044
9bb (base 14) to base 13
b55
Convert 672 (base 13) to base 2.
10001010011
1